t + 1 = -4*q. Calculate the remainder when 27 is divided by d(q).
6
Suppose -3*z + 12 = -4*x - 2, 0 = x - 4. Suppose -2*k + z = 2*i - 6*k, -3*k = 3. What is the remainder when 36 is divided by i?
0
Suppose 1 = -4*j - 0*r - r, 14 = -2*j + 4*r. Suppose 9*k = 11*k - 28. What is the remainder when (j*1)/(11/(-891)) is divided by k?
11
Let f be 1/(2/38*1). Suppose -5*b - f = -6*b + 5*p, -2*p - 14 = -2*b. What is the remainder when 10 is divided by b?
2
Suppose 2*x + 7 - 15 = 0. Suppose -j - 55 = x*j. Let u = 5 - j. What is the remainder when 43 is divided by u?
11
Let y be 4*(-7)/((-56)/90). Suppose 3*d + y = 261. What is the remainder when d is divided by 25?
22
Let q be (-1)/((-12)/(-164))*-6. Let h = q + 8. Calculate the remainder when h is divided by 1/4 + (-91)/(-4).
21
What is the remainder when (-10)/(-25) - (-84)/(-40)*-16 is divided by -1*15*4/(-6)?
4
Let z(g) = 39*g - 37 + 27*g + 36. What is the remainder when z(1) is divided by 17?
14
Let q(u) = 16*u**2 + 26*u - 174. What is the remainder when q(6) is divided by 70?
68
Calculate the remainder when 139 is divided by 8/10 + 1722/35.
39
Suppose -7*y + 2303 = 385. Calculate the remainder when y is divided by 55.
54
Let m(c) = 5*c + 14. Let o be m(4). Suppose 0 = -v + 4 + 1. Suppose s + 5*j - o = 0, 0 = v*s + j - 68 - 30. Calculate the remainder when 56 is divided by s.
18
Suppose -288 = 12*x - 2784. What is the remainder when x is divided by 7?
5
Let b(x) be the third derivative of -x**4/3 - x**3/6 - 6*x**2. Let a = 51 - 31. What is the remainder when a is divided by b(-1)?
6
Suppose 111*h - 10557 = 88*h. Calculate the remainder when h is divided by 21.
18
Let t = 44 + -41. Suppose 4*z = -t*h + 37, -16 = 5*h + 3*z - 74. Calculate the remainder when h is divided by 2.
1
Let p be (-3 + 4)*(4 + -1). Suppose 0 = k - 7 - p. Let a(o) = o**3 + 3*o**2 - 4*o + 3. Calculate the remainder when k is divided by a(-4).
1
Calculate the remainder when (-615)/(-10)*4/6 is divided by -4 + 2 + 3 + 8.
5
Let o = 649 - 498. What is the remainder when o is divided by 13?
8
Let i(o) = 5*o**2 - 12*o + 23. Let b be i(6). Let x = b - 129. Calculate the remainder when 2 + 16/(2 - 0) is divided by x.
0
Let n = -3 + 7. Suppose 4*k + y - 624 = 0, 19*k = 17*k + y + 318. Suppose 0 = n*l + 57 - k. Calculate the remainder when 49 is divided by l.
24
What is the remainder when 140/(-70) + 31*19 is divided by 14?
13
Suppose 5*x + 6*c - 62 = 4*c, c = 1. Let n(o) = -o + 85. Let j be n(0). Suppose 2*v - j - 5 = 0. What is the remainder when v is divided by x?
9
Suppose 0*g = g, -5*m - 4*g + 80 = 0. What is the remainder when 43 is divided by m?
11
Suppose -3*r + 177 = -4*d, 4*d = 2*d. Calculate the remainder when 1236 is divided by r.
56
Let m be (-32)/(-18) + 10/225*5. Suppose -10 = m*c, -4*s + 0*s = -3*c - 83. What is the remainder when s is divided by 8?
1
What is the remainder when 136 + (-8)/6 + 40/(-60) is divided by 63?
8
Suppose -71*y + 1500 = -21*y. Calculate the remainder when 208 is divided by y.
28
Let q = -1 - 1. Let s(c) = 13*c + 2. Let p be s(q). What is the remainder when 59 is divided by p/(-2) + (1 - -2)?
14
Suppose 4*g - 200 = 2*z, 4*z - 223 = -3*g - 51. What is the remainder when g is divided by 19?
14
Let y be 2/2*(-7 + 7). Suppose b = -2*w + 20, -w + 3*b + b + 28 = y. What is the remainder when 21 is divided by w?
9
Let u(v) = -4 - 14*v**3 + v**2 + 2 + 2*v - v**3 + 3. What is the remainder when 38 is divided by u(-1)?
8
Let c = 37 + -37. Let s(b) = b**3 - 6*b + 96. What is the remainder when s(c) is divided by 26?
18
Suppose -6*a - 20 = -26. What is the remainder when 55 is divided by ((-6 - 1)/a)/((-1)/2)?
13
Let t = 77 + -26. What is the remainder when t is divided by 20?
11
Let n(s) = 3*s**2 - 88*s + 43. What is the remainder when 725 is divided by n(29)?
11
Suppose p - 6 = 8. Calculate the remainder when (-1)/(-4) + 534/8 is divided by p.
11
Suppose 2*p = j + 65, 9*j - 13*j = 5*p - 169. What is the remainder when 196 is divided by p?
31
Let s = 27 + -15. Suppose 3*b + 7 = 4*z, 14 = -2*z - 3*b + b. Calculate the remainder when s is divided by (z/2)/((-3)/15).
2
Let y be 5 + 38/(-8) - (-10)/(-8). What is the remainder when 46 is divided by y + 2 - (-19 - (1 + -5))?
14
Suppose 18*j - 348 = 30. What is the remainder when j is divided by 13?
8
Let j = 47 - 38. Calculate the remainder when 17 is divided by j.
8
Suppose 167 = 5*d - 168. Calculate the remainder when d is divided by 34.
33
Suppose 69 = 5*k + 2*p, 3*k + 0*p - 35 = 2*p. What is the remainder when ((-759)/(-44))/((-12)/(-16)) is divided by k?
10
Let s = 7 - 10. Calculate the remainder when (41 - 2 - s)/2 is divided by 6.
3
Suppose 3*f + 7 = -0*f + 5*q, -2*f - q = -17. Let k = -73 + 137. Calculate the remainder when k is divided by f.
4
Suppose 19*n = 45*n - 2444. Calculate the remainder when n is divided by 34.
26
Suppose 3*d + 80 = 4*b, 3*b = -2*d + d + 47. Let t = 30 - b. What is the remainder when 63 is divided by t?
11
Suppose -30*i + 383 = -37. Let y = -12 + 17. What is the remainder when i is divided by y?
4
Let o be 7 - 4/(-3 + 4). Let w(g) = 15*g + 6. Let j be w(o). Suppose -4*m - 2*z + j = -3*z, -3*z + 1 = -m. Calculate the remainder when 24 is divided by m.
10
Suppose 204*i - 205*i = -22. What is the remainder when i is divided by 2?
0
Suppose -6*l = 4*o - 4*l + 42, 0 = 2*l + 10. Let y(z) = z**3 + 8*z**2 - z + 6. What is the remainder when 109 is divided by y(o)?
11
Suppose -u + 3*v + 5 = 15, 5*u - 2*v - 2 = 0. Calculate the remainder when (-2 - 0) + (-2 - -19) is divided by u.
1
Suppose 65 = 3*v + 5. Suppose 15*z + 657 = 18*z. Let c = -142 + z. Calculate the remainder when c is divided by v.
17
Calculate the remainder when 57 is divided by -10*(-3)/10*1.
0
Suppose -24*l + 19 = -23*l + m, 48 = 2*l + 4*m. Let p be (-1 - -2*1)*-1. Let q = 7 + p. Calculate the remainder when l is divided by q.
2
Let h(y) = 2*y**3 - 3*y**2 - 3*y - 4. Let n be ((-2)/(-4))/(1/(-274)). Let m = -83 - n. What is the remainder when m is divided by h(3)?
12
Let d = 831 - 828. Let t(u) = -u**2 + 6*u - 5. Calculate the remainder when d is divided by t(4).
0
Suppose 52 = 4*i + 3*d, -5*i - 4*d = -0*d - 64. Let g be i/9 - 4/(-18). Suppose -5*q + 62 = -3*a, 1 + g = 3*a. What is the remainder when 51 is divided by q?
12
Let d be (-2)/9 - 156/27. Let o(t) = t**3 + 4*t**2 - 7*t - 5. Calculate the remainder when (-20)/d*-6*(-3)/6 is divided by o(-5).
0
Let c = -1 - 3. Let a be c/(-6) - (-50)/6. Let m = -4 + a. What is the remainder when 14 is divided by m?
4
Suppose -24 = -5*c - 5*f - 144, -94 = 4*c + 3*f. Let s = c + 32. What is the remainder when 29 is divided by s?
9
Let r(m) = 2*m**2 + 7*m - 9. Calculate the remainder when r(-8) is divided by (1 - 7/(-3))*(-1008)/(-210).
15
Suppose -g + i + 3*i - 22 = 0, 22 = -g + 5*i. Let j = g + 35. What is the remainder when 49 is divided by j?
10
Let t(z) = 5*z**3 + z**2 + z - 3. Let m = 25 - 23. What is the remainder when t(m) is divided by 15?
13
Suppose -5*g + 5*f = -595, 0 = -2*g - 3*g - 2*f + 574. Calculate the remainder when g is divided by 7.
4
Suppose -19*h = -24*h + 1865. Calculate the remainder when h is divided by 42.
37
Let r(y) = -25*y**3 + 8*y + 12*y**2 + 11*y**3 + 11 + 15*y**3. What is the remainder when r(-11) is divided by 15?
14
Calculate the remainder when 540 is divided by ((-1056)/(-9))/4*(28 + -25).
12
Let z(c) = 24*c**2 + 5*c - 5. Calculate the remainder when 47 is divided by z(1).
23
Let n = -162 + 168. Calculate the remainder when 185 is divided by n.
5
What is the remainder when 98 is divided by (-107)/(-3) + (-5)/45*6?
28
Let s be (-14 - -16)*(-22)/(-4). Let v be s/3 - (-4)/(-6). Suppose 4*i - v*q - 11 = -4*q, -5*i = -4*q - 40. What is the remainder when 5 is divided by i?
1
Let k = -1127 - -1149. What is the remainder when 107 is divided by k?
19
Let x(f) = -2*f**3 - 13*f**2 + 6*f + 13. What is the remainder when 76 is divided by x(-7)?
16
Suppose -880 + 61 = -7*c. What is the remainder when c is divided by 31?
24
Let q(m) = -6*m + 60. Let f = 11 - -5. Calculate the remainder when q(5) is divided by f.
14
Suppose -120 = -2*d + 14*i - 16*i, 5*d - 288 = -i. What is the remainder when 510 is divided by d?
54
Let b(d) = d - 1. Let v be b(6). Suppose -14 = f - v*n, 2*f - 60 = -3*f - n. What is the remainder w